2
Calculate the highest common factor of 7 and 10.
1
Calculate the greatest common divisor of 18 and 126.
18
What is the greatest common divisor of 2892 and 24?
12
What is the highest common divisor of 5 and 2355?
5
Calculate the highest common factor of 140 and 20.
20
Calculate the greatest common divisor of 1992 and 408.
24
Calculate the highest common divisor of 238 and 1496.
34
What is the greatest common factor of 11 and 22?
11
Calculate the highest common factor of 3576 and 4.
4
Calculate the highest common factor of 54 and 2862.
54
Calculate the highest common factor of 38 and 9.
1
What is the greatest common divisor of 115 and 1127?
23
What is the greatest common factor of 5 and 7?
1
What is the greatest common divisor of 60 and 5190?
30
What is the greatest common divisor of 26 and 143?
13
Calculate the greatest common divisor of 264 and 12276.
132
What is the greatest common divisor of 1820 and 14924?
364
What is the greatest common divisor of 36 and 2364?
12
Calculate the greatest common factor of 155 and 217.
31
What is the highest common factor of 44 and 132?
44
Calculate the greatest common factor of 147 and 21.
21
What is the greatest common factor of 323 and 76?
19
Calculate the highest common divisor of 4336 and 16.
16
What is the greatest common divisor of 100 and 125?
25
Calculate the highest common factor of 1696 and 106.
106
What is the greatest common factor of 2 and 23?
1
Calculate the greatest common divisor of 84 and 392.
28
Calculate the greatest common factor of 117 and 162.
9
Calculate the greatest common divisor of 102113 and 11.
11
Calculate the greatest common divisor of 1274 and 1534.
26
What is the highest common divisor of 192 and 28992?
192
Calculate the greatest common divisor of 2 and 2374.
2
What is the highest common divisor of 295 and 5959?
59
What is the highest common divisor of 360 and 960?
120
What is the highest common divisor of 181 and 2?
1
Calculate the highest common divisor of 64 and 64.
64
Calculate the highest common factor of 3296 and 512.
32
What is the highest common divisor of 264 and 312?
24
Calculate the highest common divisor of 2233 and 77.
77
Calculate the highest common factor of 720 and 64.
16
What is the greatest common divisor of 744 and 40?
8
What is the highest common factor of 68 and 544?
68
Calculate the greatest common divisor of 54 and 1161.
27
Calculate the highest common factor of 14 and 686.
14
What is the greatest common divisor of 105 and 21?
21
What is the greatest common factor of 17 and 1224?
17
What is the highest common factor of 40 and 70?
10
Calculate the highest common factor of 598 and 575.
23
What is the highest common factor of 7480 and 272?
136
What is the greatest common factor of 40 and 1880?
40
What is the greatest common factor of 161 and 1656?
23
Calculate the greatest common divisor of 3866 and 2.
2
What is the highest common divisor of 91 and 286?
13
Calculate the greatest common factor of 2925 and 81.
9
Calculate the greatest common factor of 50 and 56.
2
What is the greatest common factor of 2088 and 464?
232
Calculate the greatest common factor of 22540 and 345.
115
Calculate the greatest common factor of 27 and 243.
27
Calculate the highest common divisor of 30 and 750.
30
What is the highest common divisor of 16 and 432?
16
Calculate the greatest common divisor of 116 and 3103.
29
Calculate the highest common factor of 69 and 46.
23
Calculate the highest common factor of 2964 and 195.
39
What is the highest common factor of 14 and 301?
7
Calculate the highest common factor of 493 and 34.
17
Calculate the highest common divisor of 136 and 17.
17
Calculate the greatest common factor of 2 and 19.
1
What is the greatest common divisor of 30 and 2505?
15
Calculate the highest common factor of 30 and 86.
2
Calculate the highest common divisor of 30 and 270.
30
What is the greatest common factor of 981 and 63?
9
Calculate the highest common factor of 511 and 49.
7
Calculate the greatest common divisor of 21273 and 21.
21
Calculate the highest common divisor of 420 and 3180.
60
What is the highest common factor of 45 and 144?
9
Calculate the greatest common divisor of 315 and 70.
35
What is the highest common factor of 95 and 76?
19
What is the greatest common factor of 24 and 1128?
24
Calculate the highest common factor of 7 and 9.
1
What is the greatest common factor of 80 and 17000?
40
What is the greatest common factor of 1199 and 218?
109
What is the greatest common factor of 1 and 7?
1
Calculate the greatest common factor of 112 and 21904.
16
What is the highest common divisor of 26 and 78?
26
What is the greatest common divisor of 1034 and 110?
22
Calculate the greatest common factor of 84 and 525.
21
Calculate the highest common factor of 27 and 51.
3
Calculate the highest common divisor of 28 and 686.
14
Calculate the highest common factor of 78 and 390.
78
Calculate the greatest common divisor of 891 and 324.
81
Calculate the greatest common factor of 114 and 78.
6
What is the greatest common divisor of 105 and 42?
21
What is the highest common factor of 432 and 32?
16
What is the greatest common factor of 88 and 32?
8
Calculate the highest common divisor of 28 and 5054.
14
Calculate the greatest common divisor of 3492 and 36.
36
What is the highest common divisor of 486 and 657?
9
Calculate the highest common divisor of 224 and 392.
56
Calculate the highest common divisor of 140 and 10136.
28
What is the greatest common factor of 903 and 387?
129
What is the greatest common factor of 1554 and 14?
14
What is the greatest common divisor of 315 and 560?
35
Calculate the highest common factor of 27 and 4887.
27
Calculate the highest common factor of 9 and 171.
9
Calculate the greatest common divisor of 37236 and 24.
12
Calculate the highest common factor of 21 and 2478.
21
Calculate the greatest common divisor of 126 and 168.
42
Calculate the highest common factor of 12 and 588.
12
Calculate the greatest common factor of 130 and 1352.
26
Calculate the greatest common divisor of 816 and 48.
48
Calculate the highest common divisor of 175 and 100.
25
What is the highest common divisor of 2 and 466?
2
What is the greatest common divisor of 572 and 31174?
286
Calculate the highest common factor of 288 and 81.
9
Calculate the highest common factor of 265 and 53.
53
Calculate the greatest common divisor of 561 and 66.
33
Calculate the highest common factor of 200 and 32.
8
Calculate the highest common divisor of 24336 and 144.
144
Calculate the highest common factor of 65 and 1820.
65
What is the greatest common divisor of 7055 and 170?
85
What is the greatest common divisor of 22 and 231?
11
What is the highest common divisor of 3 and 11?
1
Calculate the greatest common divisor of 5092 and 2144.
268
Calculate the highest common factor of 33 and 6567.
33
What is the highest common factor of 264 and 99?
33
Calculate the highest common divisor of 2743 and 844.
211
What is the greatest common factor of 228 and 72?
12
What is the greatest common divisor of 80 and 848?
16
What is the highest common factor of 66 and 2299?
11
Calculate the highest common divisor of 99 and 132.
33
What is the highest common factor of 1107 and 225?
9
Calculate the highest common factor of 268 and 300.
4
Calculate the highest common factor of 3700 and 100.
100
Calculate the greatest common divisor of 1463 and 539.
77
What is the greatest common factor of 10540 and 170?
170
Calculate the highest common factor of 2 and 8.
2
What is the highest common divisor of 65 and 169?
13
Calculate the highest common divisor of 116 and 4205.
29
What is the greatest common divisor of 84 and 2919?
21
What is the greatest common divisor of 9234 and 114?
114
What is the highest common divisor of 121 and 451?
11
Calculate the greatest common factor of 731 and 34.
17
What is the greatest common divisor of 10 and 310?
10
Calculate the highest common divisor of 9576 and 228.
228
What is the greatest common factor of 9126 and 54?
54
What is the greatest common factor of 13 and 1937?
13
What is the greatest common factor of 897 and 78?
39
Calculate the highest common divisor of 105140 and 140.
140
What is the greatest common factor of 35 and 33460?
35
Calculate the highest common divisor of 37464 an